*2 + a + 5. Suppose 0 = 3*b - 3, 4*j - 21 = 5*b + 34. Let i be 1 - (j/5 + -4). Let g be (-14)/(-4)*(-1 + 6/i). What is p(g)?
12
Suppose 454*s = 323*s + 786. Let b(l) = l**3 - 31*l**2 + 147*l + 12. What is b(s)?
-6
Suppose k + q - 56 = 4*q, 3*k = 2*q + 147. Let t(o) = 51*o - 4*o**2 + 2 - 98*o + k*o. Determine t(-2).
-14
Let f(b) = -74 + 5*b + 23 - 6*b + 58. Suppose 0 = -3*q - 11 - 10. Determine f(q).
14
Let f(c) = -165 - 178 + 503 - 179 + c + 6*c**2 + c**3. What is f(-6)?
-25
Let u(t) = t + 2. Let f(l) = 4*l**3 - l. Suppose 4*m + 1 - 5 = 0. Let z be f(m). Suppose s + h = -2 - 1, 7 = -5*s + z*h. Determine u(s).
0
Suppose b = f + 9 + 5, 3*b = 4*f + 46. Suppose 7*u = 2*u + 2*l - b, 6 = -3*u - 4*l. Let r(x) = -x**2 + 2*x. Determine r(u).
-8
Let m(f) = -10*f**2 - 29*f - 1. Let w be m(-3). Let z(i) = -2*i**3 - 8*i**2 + 5*i - 3. Give z(w).
-23
Let r(s) = 3*s**3 - s - 2. Let x(h) = 17*h**3 + h**2 - 4*h - 13. Let m(j) = 6*r(j) - x(j). Determine m(3).
13
Let i(t) = 6 + 17*t - 24*t - 26. Let q be i(-6). Let f = -19 + q. Let z(j) = j**3 - 2*j**2 - 3*j - 4. Determine z(f).
-4
Let u be (-9*(-16)/(-120))/((-4)/10). Let m = u - -3. Let q(v) = -v**2 + 7*v + 2. Calculate q(m).
8
Suppose 9*n + 48 = 3*n. Let l(u) be the third derivative of 0*u**4 - 2/15*u**5 - 7/6*u**3 + 0 + 18*u**2 - 1/120*u**6 + 0*u. What is l(n)?
-7
Let y(d) = d**3 - 11*d**2 - 16*d + 46. Let c be y(12). Let o be (-7 - 90/(-12))*(c + -4). Let n(j) = -2*j**2 - 4*j + 5. Determine n(o).
-1
Suppose 0 = -4*s - 38 + 18. Let n(h) = -7*h + 4*h**2 - 3*h**2 - 2*h**2 - 6. Let g be n(s). Let j(p) = 3*p - 5. Give j(g).
7
Let p(s) be the second derivative of -s + 1 + 11/2*s**2 - 2/3*s**3. What is p(5)?
-9
Let y(u) = -3*u + 9. Suppose 4*b + 4 = 236. Suppose 2*h + b - 68 = 0. Give y(h).
-6
Let g be (-32)/384 - 366/(-72). Let u(t) = t**3 - 3*t**2 - 8*t + 6. Calculate u(g).
16
Let l(p) be the third derivative of -p**4/24 - 5*p**3/2 - 14*p**2. Let g(k) be the second derivative of -k**4/12 + 2*k**2 + 50*k. Let b be g(2). Calculate l(b).
-15
Let b(y) be the second derivative of 1/12*y**4 + 5/6*y**3 + 0 + 1/2*y**2 - 11*y. Calculate b(-4).
-3
Let t(n) = -7*n - 10*n**2 - n**3 + 3*n - 544568 + 544587. Calculate t(-9).
-26
Let l(h) be the second derivative of -h**3/2 + 31*h**2 + 5514*h. Give l(20).
2
Let q(n) = -2*n + 7. Suppose 5*k = -t + 4, 0 = -0*t + 3*t + 3*k - 12. Suppose -7*m + 4 = -t*m - 4*j, j + 11 = 2*m. Calculate q(m).
-9
Let y(r) = -11*r + 4. Let m be y(0). Suppose -2*x + 9 = -g, 0 = -2*g + m*x - 2*x - 10. Let k(c) = -5*c**3 + 2*c**2 - 1. What is k(g)?
6
Let l(a) be the first derivative of 5*a**4/24 - 5*a**3/6 + 7*a**2 + 194. Let d(r) be the second derivative of l(r). Calculate d(4).
15
Let m(b) be the first derivative of -b**4/4 - 10*b**3 - 15*b**2 - 33*b + 4962. Calculate m(-29).
-4
Let x(m) = -m**2 + 25*m - 114. Suppose -2*l = -12*u + 8*u - 20, u - 65 = -3*l. Determine x(l).
-14
Suppose 7*t - 61 = c, t = -t + 4*c + 36. Let o(i) = 182*i - 100*i + t - 83*i. What is o(15)?
-7
Let n = -34 - -37. Suppose 2*j - 4 + n = 5*w, -w = 4*j - 13. Let h(g) = -5*g + 7. Give h(j).
-8
Suppose 0*k - 12 = 2*k. Let q(m) = -5*m - 27. Let w be q(-6). Let f(p) = -w + 1 + 2*p + 6 + 2. Determine f(k).
-6
Let p be (-160)/(-45) + (-4)/(-9). Let q(j) = -8*j + 25. Let x be q(p). Let k(s) = s + 7. Let g(u) = -5*u - 36. Let m(c) = -2*g(c) - 11*k(c). Determine m(x).
2
Let a be (8/(-1) + 1)/(-1). Let h(f) = -24*f**2 + 6*f - 216. Let n(l) = -5*l**2 + 2*l - 43. Let j(i) = h(i) - 5*n(i). What is j(a)?
20
Let w(t) be the first derivative of -3/2*t**2 + 4/3*t**3 + 1/4*t**4 - 2*t + 1. Let z be -18*((-130)/(-117))/5. Calculate w(z).
10
Let q(z) = 7*z + 2. Let f = -93 + 100. Let n(h) = 15*h + 5. Let a(j) = f*q(j) - 3*n(j). What is a(-4)?
-17
Let c(k) = 3*k**2 + 14*k - 1. Let q = 2375 + -2379. Determine c(q).
-9
Let o(u) = 28*u - 47*u - 6*u**2 + 7*u**2 + 12. Give o(19).
12
Let u(a) = -4*a**2 + 15*a + 16. Let r be u(5). Let d(g) = 8*g + 66. Calculate d(r).
-6
Let v(s) = 10991*s - 5497*s - 5495*s. What is v(6)?
-6
Let t = -31929 + 31938. Let k(m) = -2*m - 3 - 2*m**3 - 9*m**2 + 3*m**3 + 0*m**2. Give k(t).
-21
Let l(k) = -k - 3. Let f(m) = -m - 20. Let x be f(-42). Let p(g) = -2*g**2 + 44*g + 5. Let z be p(x). Calculate l(z).
-8
Let k = 13 + 114. Let q = 128 - k. Let j(p) = 19*p**2 + 3*p + 2. Let v(u) = 29*u**2 + 5*u + 3. Let f(l) = 8*j(l) - 5*v(l). Determine f(q).
7
Let l be (-81)/(-18)*-2*(-2)/6. Let j(g) be the first derivative of 15 - 5 + 5*g**2 + l*g + 2 - 4*g. Give j(1).
9
Let q(m) = 2*m**2 + 8*m - 4. Let a = 12212 - 12215. What is q(a)?
-10
Let x(f) be the second derivative of f**5/20 + f**4/12 + f**3/6 - f**2 - 236*f - 173. Let d(c) = -c**3 + 3*c**2 - 2. Let j be d(3). Determine x(j).
-8
Let f(j) = -j**2 - 16*j + 56. Let l(w) = 33*w - 2163. Let t be l(65). Give f(t).
20
Let f(g) = g**2 - 11*g + 5. Let r be (-6)/(-5)*460/6. Suppose -2*y = 4*w - 382, r = -3*w - 4*y + 391. Let n be w/9 + 4/6. What is f(n)?
5
Let r = -257 + 268. Let h(z) = -r + 37 - 24 - 11*z. Determine h(-2).
24
Let o be (44 + -44)*(0 + -1). Let h(m) = 0 + m + o*m + 4 - 4*m. Give h(6).
-14
Suppose 186 = -39*s - 165. Let r(k) = -3*k**2 + 23*k + 7. Let m(w) = -w**2 + 11*w + 4. Let i(d) = 5*m(d) - 2*r(d). What is i(s)?
6
Let q(c) = 7*c + 97. Let r = 2470 + -2481. Give q(r).
20
Let z(m) = m**3 + 16*m**2 - 2. Let f(d) = -d**2 + 87*d - 1152. Let j be f(71). Calculate z(j).
-2
Let l(j) = j + 6. Let z(s) be the first derivative of -s**3/3 + 7*s**2/2 - 9*s - 22. Let k be z(3). Suppose k*a + 30 = -5*t, 4*t - t + 9 = 0. Calculate l(a).
1
Suppose p = -p + 4. Let t(y) be the third derivative of 17*y**2 - 5/8*y**4 + 0*y + 0 + 1/2*y**3. Calculate t(p).
-27
Let u(x) = x**2 + 2*x - 3. Let t(q) = -2*q**3 - 9*q**2 + 3*q - 8. Let z be t(-5). Let f be (-9 - -4)*z*6/15. What is u(f)?
5
Let g(c) = 2*c**2 + c + 30. Let u be (8 + -4 - 4)/1. Give g(u).
30
Let v be (-10 + 2)*2/(-8). Suppose -4*y + 8 = v*s - 5*y, 4*s - 10 = -y. Let k(f) = 8*f**3 - 4*f - 7*f**s + 1 + 3*f. Determine k(-2).
-5
Let u(n) = -433*n + 8. Let z(w) = -758*w + 15. Let y(f) = -7*u(f) + 4*z(f). Let p = 19 - 10. Determine y(p).
-5
Let c(f) = -52*f**2 - 101 + 92 + 44*f**2 + 2*f + f**3. Let m(l) = 5*l + 3. Let k be m(3). Let t be ((-24)/k)/(2/(-12)). What is c(t)?
7
Let y(l) = -7 + 0 + 0*l - 3*l. Let f(m) = -2*m - 6. Let b be -12 + 21 - 35/7. Let a(g) = b*f(g) - 3*y(g). Give a(0).
-3
Let w(i) = -2*i + 2. Let f(j) = 5*j - 7. Let b(u) = -3*f(u) - 8*w(u). Let t be 4 + (30/3)/(-5). Suppose -t*x = 11 - 1. What is b(x)?
0
Suppose 0 = -4*n + 1 - 13. Let u be 2/n - 4/3. Let s(m) = 4*m + 1 - 5*m - 3 - m. Calculate s(u).
2
Let s be (-12)/4 + 5 + -2. Suppose s*v + 9 = 3*v. Let a(w) = -3 + 36*w + 3*w**2 + 6*w**3 - 37*w - 7*w**3. Determine a(v).
-6
Let b be -10*(-1)/(-2) - -5. Suppose -d - 3*k = -3, -5*d - 3*k + 8 + 7 = b. Suppose a = d*g + 2 - 0, g = -2. Let c(t) = t**3 + 4*t**2 + 3*t + 6. Calculate c(a).
-6
Let l(m) = 26*m - 219. Let o(j) = -j + 24. Let g(r) = l(r) + 4*o(r). Calculate g(6).
9
Let d(p) be the second derivative of p**5/20 + p**4/3 + p**3/3 - p**2 - 570*p. Give d(-3).
1
Let h(m) = -m**3 - 8*m**2 - 7*m + 6. Suppose -3*g = y + 21, 14*y - 18*y = g + 7. Let s(n) = 18*n + 119. Let k be s(g). What is h(k)?
6
Let j(u) = 2*u + 78. Let p be j(-15). Suppose p = -5*f + 4*k, 3*f + 5*k - 34 = 6*f. Let h(t) = -t**2 - 8*t + 1. Calculate h(f).
1
Let h(v) be the third derivative of -v**6/120 - v**5/20 + v**4/12 - 7*v**2 + 65*v + 2. Let s(x) = -x**2 + x - 2. Let j be s(2). Give h(j).
8
Let v = -1941 + 1949. Let h(z) = 3*z - 44. Calculate h(v).
-20
Let a(n) = -2*n - 2*n - 18 + 2*n. Let j(k) be the first derivative of -k**2/2 - 9*k + 309. Let o(p) = -2*a(p) + 5*j(p). Give o(-7).
-2
Let z(l) = 2*l**2 - 45*l + 118. Let r be z(3). Let m(w) = -10*w + 6. What is m(r)?
-4
Let g(b) = -b**3 + b**2 - b - 1. Let p(h) = -3*h**3 + 5*h**2 - 7*h - 6. Let n(z) = -5*g(z) + p(z). Let w be 156/16*8/6. Suppose 11 - w = -k. What is n(k)?
11
Let l(b) = 8*b - 7. Suppose -3*u + 27 = -q, q - 155 = -4*u - 126. Give l(u).
57
Let f(x) = x + 5. Suppose 323 = 2*a + 123. Suppose 0 = 92*m - 117*m - a. What is f(m)?
1
Suppose -35*v + 35 + 34 = -36. Let l(f) = -f**3 + 4*f**2 + 8*f - 6. What is l(v)?
27
Let t be (18/(-12))/((-3)/(-4))*2. Let q(w) = 5 + 11*w - 8*w + 6. Let p be q(t). Let